4198 and 5694587?
2099
Calculate the highest common factor of 22244 and 670.
134
Calculate the greatest common divisor of 6966 and 4050.
162
Calculate the highest common divisor of 88927 and 17.
17
What is the highest common divisor of 166380 and 1560?
60
What is the highest common factor of 7504 and 46984?
56
What is the highest common factor of 1313 and 2?
1
What is the greatest common factor of 3472 and 36022?
434
Calculate the highest common factor of 88665 and 1028.
257
What is the greatest common factor of 143 and 3443?
11
Calculate the greatest common divisor of 86397 and 27.
3
Calculate the greatest common divisor of 6888 and 9408.
168
What is the greatest common factor of 51 and 41633?
17
What is the highest common factor of 1358 and 28504?
14
Calculate the greatest common divisor of 130326 and 216804.
1218
What is the greatest common factor of 760 and 10260?
380
What is the highest common divisor of 16872 and 57912?
456
Calculate the greatest common divisor of 861628 and 68.
68
Calculate the greatest common divisor of 71258 and 316.
158
Calculate the greatest common factor of 81 and 9216.
9
Calculate the highest common divisor of 15194 and 81934.
142
What is the highest common divisor of 582520 and 40?
40
What is the greatest common divisor of 3289 and 43901?
143
What is the greatest common factor of 8004 and 61548?
276
Calculate the highest common factor of 75802 and 302.
302
What is the highest common divisor of 147 and 130193?
49
Calculate the highest common divisor of 212856 and 21.
21
What is the highest common divisor of 6624 and 285408?
288
What is the greatest common divisor of 165 and 56595?
165
Calculate the greatest common factor of 187 and 7191.
17
Calculate the highest common divisor of 2334 and 258.
6
What is the highest common factor of 12 and 934023?
3
What is the greatest common factor of 38207 and 13?
13
What is the highest common divisor of 76 and 220438?
38
Calculate the greatest common factor of 38 and 1888429.
19
What is the highest common divisor of 1790 and 70168?
358
Calculate the greatest common factor of 27 and 105606.
9
Calculate the highest common divisor of 8313 and 107151.
51
Calculate the greatest common factor of 666570 and 2040.
510
What is the greatest common divisor of 671747 and 191?
191
Calculate the highest common factor of 8924 and 92.
92
Calculate the greatest common divisor of 14014 and 88.
22
Calculate the greatest common divisor of 363 and 621.
3
Calculate the greatest common divisor of 20789 and 1.
1
What is the highest common factor of 116 and 182526?
58
Calculate the highest common factor of 1315811 and 56.
7
Calculate the highest common factor of 2408 and 60372.
172
What is the greatest common factor of 160 and 108720?
80
What is the highest common factor of 647939 and 2041?
157
Calculate the greatest common divisor of 22256 and 3952.
208
What is the highest common divisor of 416 and 226148?
52
Calculate the highest common divisor of 251 and 317515.
251
Calculate the highest common divisor of 191 and 18929819.
191
What is the highest common factor of 1980 and 47025?
495
What is the highest common divisor of 134 and 6586?
2
What is the highest common factor of 1792 and 117824?
448
What is the greatest common factor of 28 and 8414?
14
What is the greatest common factor of 109456 and 176?
16
Calculate the greatest common divisor of 79593 and 129.
129
What is the highest common factor of 63 and 187026?
21
Calculate the greatest common divisor of 192 and 2201664.
192
Calculate the greatest common factor of 1450750 and 16625.
875
What is the highest common factor of 430617 and 33?
33
Calculate the greatest common divisor of 20654 and 322.
46
What is the highest common factor of 120 and 489495?
15
Calculate the greatest common divisor of 745446 and 114.
114
Calculate the greatest common divisor of 11448 and 516008.
424
Calculate the greatest common factor of 5760 and 13.
1
Calculate the greatest common divisor of 149439 and 2943.
327
What is the greatest common divisor of 369 and 1032093?
369
What is the highest common factor of 13 and 10752157?
13
What is the highest common divisor of 2020 and 348652?
404
Calculate the highest common divisor of 247756 and 115.
23
What is the highest common divisor of 45 and 6244785?
45
What is the greatest common factor of 4605 and 3070?
1535
Calculate the highest common divisor of 18 and 278514.
18
What is the highest common divisor of 1045 and 5024360?
1045
Calculate the greatest common divisor of 6 and 1313184.
6
What is the highest common divisor of 306 and 179282?
34
What is the highest common factor of 572 and 676?
52
What is the greatest common divisor of 15324 and 16?
4
What is the greatest common factor of 38133 and 64893?
669
What is the greatest common factor of 62424 and 4?
4
Calculate the highest common factor of 4230 and 36.
18
Calculate the highest common factor of 403 and 184636.
31
Calculate the greatest common divisor of 75378 and 2686.
34
Calculate the greatest common divisor of 4708260 and 54.
54
Calculate the greatest common divisor of 672 and 80304.
336
What is the greatest common factor of 1080 and 533115?
135
What is the highest common factor of 2289 and 15151?
109
What is the highest common factor of 1997509 and 233?
233
What is the greatest common factor of 9620 and 32500?
260
What is the highest common divisor of 27 and 15424209?
27
Calculate the greatest common factor of 61971 and 102921.
273
Calculate the highest common factor of 101669 and 19.
19
Calculate the highest common divisor of 16 and 8070832.
16
What is the greatest common divisor of 2000 and 14960?
80
What is the greatest common factor of 165503 and 754?
377
Calculate the greatest common factor of 23166 and 170181.
891
Calculate the highest common divisor of 1494 and 62333.
83
What is the highest common factor of 59330 and 85?
85
Calculate the greatest common factor of 3410 and 30256.
62
Calculate the greatest common factor of 2076 and 663628.
692
Calculate the greatest common divisor of 170280 and 110.
110
Calculate the highest common factor of 1246 and 6202.
14
Calculate the greatest common factor of 144 and 41976.
72
What is the greatest common factor of 11425 and 675?
25
Calculate the highest common divisor of 288 and 510144.
96
What is the highest common divisor of 122 and 2413282?
122
Calculate the greatest common factor of 2875 and 198950.
575
Calculate the greatest common factor of 1432 and 28544.
8
Calculate the greatest common factor of 335711 and 247.
19
What is the greatest common factor of 2135 and 49410?
305
Calculate the highest common divisor of 17 and 31450.
17
What is the highest common factor of 90190 and 50?
10
What is the greatest common divisor of 440 and 12540?
220
Calculate the greatest common factor of 917 and 217.
7
What is the greatest common divisor of 3420 and 40780?
20
Calculate the highest common factor of 23846 and 2.
2
Calculate the greatest common factor of 185 and 570022.
37
Calculate the greatest common factor of 74 and 86654.
74
Calculate the highest common factor of 3531496 and 424.
424
Calculate the highest common divisor of 1508 and 203060.
52
Calculate the greatest common factor of 462 and 116130.
42
Calculate the highest common factor of 434 and 258013.
217
What is the highest common divisor of 5909 and 3110?
311
What is the greatest common divisor of 49875 and 20615?
665
What is the greatest common divisor of 68 and 181288?
68
Calculate the highest common divisor of 195483 and 85.
17
What is the greatest common divisor of 17 and 1269101?
17
Calculate the greatest common divisor of 32 and 318256.
16
What is the highest common divisor of 2975392 and 280?
56
What is the highest common factor of 4000 and 26350?
50
What is the greatest common factor of 400 and 52550?
50
Calculate the highest common divisor of 1610 and 269836.
322
What is the highest common divisor of 8 and 24652?
4
What is the greatest common divisor of 25012 and 1690?
338
Calculate the highest common divisor of 1548 and 618168.
516
Calculate the highest common divisor of 240 and 362280.
120
What is the greatest common factor of 2368 and 4196?
4
What is the greatest common factor of 160900 and 200?
100
What is the highest common divisor of 1040 and 260?
260
Cal